t k(b) = 29*b**2 + 15*b - 2. Give k(-1).
12
Let i(w) = w**3 + 6*w**2 - 5*w - 3. What is i(-5)?
47
Let q(m) = -3*m + 52. Determine q(25).
-23
Let z(o) = -3*o**2 - 5*o - 8. Calculate z(-6).
-86
Let f(j) = -j**2 + j + 5. Calculate f(0).
5
Let h(j) = 11*j**3 + 2*j**2 - j - 1. Give h(-1).
-9
Let v(n) = -2*n**2 - 9*n + 12. Give v(5).
-83
Let p(r) = -7*r + 16. Determine p(3).
-5
Let a(x) = -x + 6. Calculate a(6).
0
Let l(f) = -2*f**2 + 10*f - 7. Determine l(9).
-79
Let s(w) = -3*w**3 - w**2 + w - 1. What is s(0)?
-1
Let i(p) = -p**3 + 22*p**2 - 41*p + 13. Determine i(20).
-7
Let k(s) = -s**3 + 3. Determine k(-2).
11
Let s(p) = 3*p - 14. Give s(7).
7
Let l(x) = -x**3 - 55*x**2 + 59*x + 167. Determine l(-56).
-1
Let t(d) = -5*d. Calculate t(-4).
20
Let f(z) = -191*z + 187. Determine f(1).
-4
Let q(y) = -5*y**2 - 5*y + 6. Give q(1).
-4
Let c(o) = -13*o + 60. Give c(5).
-5
Let u(m) = -m**2 + 15*m + 75. Determine u(20).
-25
Let s(q) = -5*q**2 + 3*q + 1. What is s(3)?
-35
Let d(t) = 2*t**3 + 4*t**2 + 3*t + 2. Calculate d(-2).
-4
Let y(k) = k**3 - 4*k**2 + 2*k - 2. Determine y(3).
-5
Let o(h) = 5*h - 3. Calculate o(1).
2
Let h(u) = -u**2 - 13*u + 100. Determine h(5).
10
Let h(p) = -p**3 + 8*p**2 - 7*p + 53. Give h(8).
-3
Let v(y) = -63*y. Give v(-1).
63
Let n(t) = -t**3 - 4*t**2 + t - 16. Give n(-6).
50
Let t(p) = -37*p - 953. Calculate t(-26).
9
Let o(q) = -q**3 + 17*q**2 + 20*q - 25. Calculate o(18).
11
Let v(i) = 14*i - 523. What is v(37)?
-5
Let n(h) = h**2 - 14*h + 4. Calculate n(5).
-41
Let o(q) = -2*q - 3. Calculate o(10).
-23
Let n(l) = 8*l + 205. Determine n(-30).
-35
Let u(k) = 20*k**3 - k**2 + k + 1. Calculate u(1).
21
Let d(q) = -2*q + 41. Calculate d(24).
-7
Let y(c) = c**3 + 8*c**2 - 1. Give y(-8).
-1
Let m(p) = -2*p**3 + 25*p**2 + 44*p - 7. What is m(14)?
21
Let l(u) = -2*u + 34. Give l(11).
12
Let o(s) = s**3 + 2*s**2 + s - 3. What is o(1)?
1
Let g(a) = 4*a + 40. Determine g(-10).
0
Let z(k) = 2*k**2 - 6*k - 5. Calculate z(7).
51
Let d(w) = 110*w + 220. Calculate d(-2).
0
Let u(b) = -3*b**2 + 85*b - 31. Calculate u(28).
-3
Let o(m) = m**3 - 9*m**2 + 2*m - 7. What is o(9)?
11
Let w(p) = -p**3 - 19*p**2 - 18*p + 21. Give w(-18).
21
Let h(c) = -6*c - 7. Determine h(-5).
23
Let x(n) = -n**3 - 7*n**2 - 7*n - 9. Give x(-4).
-29
Let a(o) = o**2 - 11*o - 12. Calculate a(6).
-42
Let g(z) = z - 11. Give g(9).
-2
Let d(c) = 3*c**2 + 7. What is d(0)?
7
Let y(i) = i**2 - 2*i - 12. Give y(-3).
3
Let r(m) = -3*m**2 + 45*m - 10. Calculate r(15).
-10
Let c(b) = -b**2 + 2*b + 5. Give c(7).
-30
Let f(o) = -7*o + 95. Give f(12).
11
Let d(p) = 2*p**2 + 19*p + 15. What is d(-13)?
106
Let s(r) = 2*r**3 - 28*r**2 - 30*r + 4. Give s(15).
4
Let b(k) = -k**3 - 14*k**2 + 1. Determine b(-14).
1
Let k(j) = -88*j - 1326. Calculate k(-15).
-6
Let q(t) = t**2 + 9*t - 2. What is q(-6)?
-20
Let h(p) = -p**3 + 2*p**2 - 1. Give h(-2).
15
Let k(a) = -3*a**3 - a**2 + 2*a - 3. What is k(-2)?
13
Let d(h) = -h**2 + 8*h - 10. Determine d(6).
2
Let z(w) = -w**2 + 6*w - 16. Give z(3).
-7
Let h(f) = f**2 - 5*f - 9. Give h(7).
5
Let p(j) = -j**3 + 5*j**2 + j - 5. What is p(5)?
0
Let r(y) = -y**3 + 3*y**2 + 4*y + 31. Calculate r(0).
31
Let k(z) = -z**3 - 2*z**2 + 2*z - 2. Determine k(-3).
1
Let d(b) = -2*b**3 + 2*b**2 + 4*b + 4. Give d(5).
-176
Let j(k) = -k**3 + 4*k**2 + 6*k - 1. What is j(5)?
4
Let s(b) = 76*b + 987. Give s(-13).
-1
Let o(p) = p**2 - 12*p - 13. Calculate o(12).
-13
Let v(c) = -3*c - 5. Calculate v(-2).
1
Let c(t) = -3*t + 16. What is c(13)?
-23
Let d(o) = 2*o**2 + 31*o - 8. Give d(-16).
8
Let n(j) = -j - 26. Determine n(8).
-34
Let p(i) = 2*i**2 + 2*i + 7. What is p(-3)?
19
Let p(d) = -9*d - 10. Give p(5).
-55
Let g(i) = -8*i**2 + 70*i + 32. Calculate g(9).
14
Let f(h) = 3*h - 19. Calculate f(7).
2
Let j(k) = -4*k**3 + 2*k**2 + k - 1. Calculate j(2).
-23
Let f(g) = 11*g + 67. Calculate f(-6).
1
Let o(i) = 21*i + 228. Calculate o(-11).
-3
Let i(r) = -3*r**2 - 2*r - 8. Give i(0).
-8
Let l(z) = -z**2 + 3*z + 13. Determine l(11).
-75
Let r(l) = l**3 + 17*l**2 - 8*l - 126. Give r(-17).
10
Let s(f) = 3*f**2 + 43*f + 35. Calculate s(-14).
21
Let r(c) = 2*c**3 - 31*c**2 + 17*c - 13. Determine r(15).
17
Let c(l) = 21*l + 134. What is c(-7)?
-13
Let a(k) = -14*k + 1. Give a(-1).
15
Let o(p) = -2*p - 5. Give o(6).
-17
Let f(z) = -z**3 + 31*z**2 - 33*z + 84. What is f(30)?
-6
Let n(s) = 15*s - 83. What is n(6)?
7
Let r(n) = 5*n**2 - 13*n + 7. What is r(3)?
13
Let n(t) = -6*t - 5. Calculate n(-4).
19
Let z(b) = -b + 5. What is z(6)?
-1
Let v(d) = -3*d - 44. Calculate v(-16).
4
Let h(n) = -n**3 + 10*n**2 - 11*n + 9. Determine h(9).
-9
Let k(l) = l**2 - 19*l - 39. What is k(20)?
-19
Let q(o) = 3*o**2 + 15*o + 28. Give q(-3).
10
Let h(s) = 14*s + 127. What is h(-8)?
15
Let p(t) = -t + 5. Determine p(2).
3
Let l(b) = -b**3 + 4*b + 4. Calculate l(-2).
4
Let b(f) = -23*f + 18. Determine b(2).
-28
Let z(i) = 4*i - 8. What is z(-7)?
-36
Let c(o) = 9*o - 367. Determine c(41).
2
Let r(x) = -x**2 + 5*x + 4. Calculate r(4).
8
Let i(d) = d - 20. What is i(17)?
-3
Let y(h) = -h**3 - 17*h**2 + 20*h + 32. What is y(-18)?
-4
Let q(r) = r + 67. Calculate q(-41).
26
Let o(l) = -3*l**2 + 5*l + 4. What is o(-1)?
-4
Let b(z) = z**3 - 9*z**2 + 17*z - 57. What is b(8)?
15
Let c(d) = -54*d - 426. Calculate c(-8).
6
Let f(t) = 7*t - 2. Give f(-5).
-37
Let r(g) = -72*g + 294. Calculate r(4).
6
Let a(u) = 5*u + 1. Determine a(-1).
-4
Let p(h) = h**2 + 3*h - 5. Determine p(-6).
13
Let n(x) = x**2 - 2. Determine n(3).
7
Let c(k) = k**2 + 10*k - 15. Give c(-10).
-15
Let z(n) = 9*n**2 + 4*n - 3. What is z(1)?
10
Let n(b) = -b**3 + 2*b**2 + 3*b + 3. Determine n(3).
3
Let x(v) = -v**2 + 17*v - 17. Give x(16).
-1
Let s(x) = -10*x + 5. Calculate s(-1).
15
Let s(t) = -t**2 + 4*t + 9. Calculate s(5).
4
Let a(z) = -2*z**2 + 11*z + 7. Determine a(6).
1
Let q(u) = 15*u - 170. Determine q(11).
-5
Let j(x) = -2*x - 3. Determine j(2).
-7
Let w(s) = -s**2 - s - 3. Determine w(-3).
-9
Let q(v) = 5*v + 53. Determine q(-6).
23
Let j(g) = 2*g - 22. Determine j(11).
0
Let r(m) = -3*m**3 - 19*m**2 + 12*m - 6. Give r(-7).
8
Let d(w) = -w - 11. Determine d(-8).
-3
Let q(h) = 35*h - 2. Determine q(1).
33
Let w(v) = v**3 + 6*v**2 - 6*v - 2. What is w(-5)?
53
Let t(n) = n**2 - 10*n + 19. What is t(9)?
10
Let q(c) = 2*c**3 + 6*c**2 - 6. Calculate q(-3).
-6
Let t(l) = 26*l - 659. Determine t(24).
-35
Let i(d) = -d**3 + 22*d**2 - 71*d - 13. Give i(18).
5
Let o(b) = -3*b + 8. Determine o(8).
-16
Let f(c) = -2*c**3 - 4*c**2 + 4*c. Give f(-3).
6
Let d(o) = o**2 + 8*o - 9. Determine d(-10).
11
Let q(n) = n**2 + 8*n - 15. What is q(-7)?
-22
Let d(n) = -n**3 + n**2 - n + 23. What is d(0)?
23
Let t(y) = -2*y**2 - 28*y + 61. Give t(2).
-3
Let s(k) = -k**3 + 22*k**2 - 41*k + 24. What is s(20)?
4
Let l(w) = 4*w**2 + 42*w - 21. Give l(-11).
1
Let u(h) = -2*h**3 + 8*h**2 + 6*h - 9. Determine u(4).
15
Let a(c) = 2*c + 4. Determine a(2).
8
Let c(y) = -14*y - 102. Determine c(-6).
-18
Let c(f) = 3*f + 41. What is c(-17)?
-10
Let v(c) = -3*c - 35. Determine v(-10).
-5
Let w(n) = -46*n + 1. Give w(1).
-45
Let u(s) = -18*s**3 - 2*s**2 - 2*s. What is u(-1)?
18
Let g(f) = -16*f + 1. Calculate g(2).
-31
Let v(t) = -50*t - 301. Give v(-6).
-1
Let h(s) = s**3 - 12*s**2 + 13*s + 6. Give h(10).
-64
Let h(f) = 2*f**3 + 2*f**2 + 4*f. Determine h(-2).
-16
Let h(g) = 2*g**2 + g + 4. What is h(-3)?
19
Let u(a) = a**2 - 9*a + 19. Give u(6).
1
Let g(y) = y**3 - 5*y**2 - 7*y + 8. Determine g(6).
2
Let y(f) = -2*f**2 - 3*f - 9. What is y(4)?
-53
Let o(m) = -m**3 - 8*m**2 + 9*m + 5. Determine o(-9).
5
Let b(d) = -d + 20. What is b(26)?
-6
Let u(w) = w**3 - 11*w**2 + w + 8. What is u(11)?
19
Let b(j) = j**2 - 14*j + 21. What is b(10)?
-19
Let z(n) = n - 11. Calculate z(6).
-5
Let l(c) = c + 6. What is l(-6)?
0
Let d(i) = i**3 - 9*i**2 - 12*i + 18. Give d(10).
-2
Let o(n) = -n**3 - 21*n**2 - 51*n - 20. Determine o(-18).
-74
Let j(v) = -2*v**3 + 2*v**2 + 11*v + 6. Give j(-4).
122
Let r(d) = 13*d - 236. Calculate r(18).
-2
Let v(i) = 15*i**2 + 3*i + 1. Calculate v(-1).
13
Let s(w) = -17*w**3 - 2*w**2 - 3*w - 2. Determine s(-1).
16
Let b(w) = w**3 - 3*w**2 + 3. Determine b(3).
3
Let n(u) = -8*u + 61. Determine n(9).
-11
Let m(p) = -p**3 - 2*p**2 + 3*p - 3. Determine m(-3).
-